 be (3 + 6/(-4))*-12. Calculate the remainder when x/(-12)*(-316)/(-6) is divided by 20.
19
Let u = 53 + -40. Calculate the remainder when 258 is divided by u.
11
Let j(s) = -5*s - 1. What is the remainder when 50 is divided by j(-4)?
12
Let r(h) be the second derivative of 2*h + 1/12*h**4 + 0*h**2 + 1/6*h**3 + 1/5*h**5 + 0. Calculate the remainder when r(2) is divided by 10.
8
Let x = 59 + -93. Let h = -24 - x. Let j(f) = f**3 - 3*f**2 + 3. Calculate the remainder when h is divided by j(3).
1
Let g(k) = -k**3 + 8*k**2 + 3*k - 6. Let c be g(8). Let u be (-4)/c + 1788/27. Let r = 92 - u. Calculate the remainder when r is divided by 14.
12
Let z be 1*(2 + (-1 - -2)). Suppose z = -2*k + 2*o + 9, 5*k + 2*o = 15. Let r(j) = j**2 + 2*j + 1. Calculate the remainder when r(k) is divided by 6.
4
Let x = 59 + -28. Suppose -42 = -3*i + 2*s, -i + s = -2*i + 19. Calculate the remainder when x is divided by i.
15
Suppose -5*b = -0*b - 190. Calculate the remainder when b is divided by 20.
18
Let x = 33 - 20. Calculate the remainder when 62 is divided by x.
10
Suppose -4*h + 74 = 2*o, 2*h - o + 85 = 7*h. Suppose -124 = -5*l - 4*x, x + 2*x = -l + h. What is the remainder when l is divided by 10?
8
Suppose -4*o - 4*u + 24 = 0, 22 = 3*o + o + 3*u. Suppose 4*c - 4 - o = 0. Suppose -h = -c*h + 35. What is the remainder when h is divided by 12?
11
Let i(s) = -11*s - 16. Calculate the remainder when 109 is divided by i(-4).
25
Suppose -11 = 3*i - 2. Calculate the remainder when i/(-2)*56/12 is divided by 4.
3
Suppose -4*d + 47 = 3*b, 0*b = -3*d - 2*b + 35. Let p = -9 - -5. Calculate the remainder when d is divided by (-3)/12 - 25/p.
5
Let k(l) = 2*l**2 + 3. Calculate the remainder when k(-3) is divided by 11 - (-2 + (-1 - -2)).
9
Let k be (-8)/(-3)*(-252)/(-48). Suppose k = y + 4. What is the remainder when 27 is divided by y?
7
Suppose 6*a - a + g = 226, -4*g = a - 49. What is the remainder when 85 is divided by a?
40
Let g = 14 - 20. What is the remainder when 3 is divided by -1 + 3/(g/(-8))?
0
Suppose 2*a = -t - 2*a + 5, -t = 5*a. What is the remainder when 121 is divided by t?
21
Let o = 39 - -14. Calculate the remainder when o is divided by 18.
17
Let q = -3 + -7. What is the remainder when (-58)/(-4)*q/(-5) is divided by 10?
9
Let b(k) = -k**3 - 4*k**2 - 2*k. Let y be b(-3). Let f = y - -5. Calculate the remainder when 37 is divided by (-39)/(-6)*4/f.
11
Suppose 3*c + 3*m - 5*m = 100, m = 4*c - 125. Let d = 92 - c. Suppose 3*h = 6*h - 48. What is the remainder when d is divided by h?
14
Suppose 2*l = 6*l + 44. Suppose -5*d = 3*m + 33, -3*m - 4*d + 5*d - 15 = 0. Let a = m - l. What is the remainder when 8 is divided by a?
3
Suppose d = -4*d + 20. Suppose -2*l - 4*k = -42, d*l = -l + 4*k + 35. Suppose -2*n - l = -35. Calculate the remainder when 23 is divided by n.
11
Suppose 6 = 4*a - a. Suppose 1 = a*y - 5*f, 49 = 3*y + f + f. Calculate the remainder when y is divided by 5.
3
Let x(a) = -a + 26. What is the remainder when x(11) is divided by 6?
3
Let o(b) = -2*b + 69. Let q = 1 - 0. Let a = 11 + q. Calculate the remainder when o(17) is divided by a.
11
Suppose -3*k + 98 = -5*f, -5*f + 52 = -2*k + 119. Calculate the remainder when 152 is divided by k.
28
Let t = 9 - 4. Suppose -10 = -5*h + 4*c, 0 = -3*h + t*c - 1 - 6. What is the remainder when h is divided by 2?
0
Let q(o) = o + 2. Let r(h) = -h**2 + 10*h + 10. Let n be r(11). Let l(x) = -13*x + 1. What is the remainder when l(n) is divided by q(6)?
6
Let z(l) = -l**2 + 3*l - 5. Let o be z(2). What is the remainder when (-2 - 1)/(o/21) is divided by 8?
5
Let v(z) = z + 33. What is the remainder when v(0) is divided by 7?
5
Let s be (12/2)/((-9)/6). Let i = -2 - s. Suppose -i*g + 42 = 4*p, 2*g + 2*p - 97 = -3*g. What is the remainder when g is divided by 5?
4
Let x = -7 - -11. Calculate the remainder when 2/1 + (-8)/(-1) is divided by x.
2
What is the remainder when (-86)/4*-2 + (1 - 2) is divided by 11?
9
What is the remainder when (-2 + (-5)/(-3))*-423 is divided by 36?
33
Let n = 9 - -67. Calculate the remainder when n is divided by 20.
16
Suppose -2*z + 7 - 11 = 0. What is the remainder when 2 is divided by 9 + -6 - (z + 3)?
0
Let a(x) = -x - 1. Let j be a(10). Let r = -6 - j. What is the remainder when 7 is divided by r?
2
Let z = -41 + 51. Calculate the remainder when 36 is divided by z.
6
Let b(q) = -8*q - 3. Let u be b(-4). Suppose l + u = 4*z, -14 = 5*l + 4*z + 11. What is the remainder when ((-3)/l)/(4/876) is divided by 25?
23
Suppose 0*r + 72 = 3*r. Suppose 0 = 3*w - 160 - 125. What is the remainder when w is divided by r?
23
Let r be ((-54)/8)/(12/32). Let s = r + 22. Suppose -4*v + 12 = 4. What is the remainder when s is divided by v?
0
Suppose 2 = -n - 3*b, 14 = n - 0*n - b. Let v be n + (-2)/2 + 2. Suppose -21 = -4*r + v. What is the remainder when 22 is divided by r?
6
Let o = -64 + 97. What is the remainder when o is divided by 13?
7
Let z = -5 + 18. Suppose 0 = 4*s - 0*s + 2*c, 0 = -5*s + 3*c + 22. Suppose 4*q = -s*a + 16, 1 + 1 = 2*q + 4*a. What is the remainder when z is divided by q?
3
Let g(z) = z**2 + 3*z + 1. Let k be g(-2). Calculate the remainder when 13 is divided by ((-24)/(-18))/(k/(-6)).
5
Suppose 4*i = -2*o - 42, -i - i + 4*o - 16 = 0. Let w(d) = -2*d - 4. Calculate the remainder when 79 is divided by w(i).
15
Suppose -5*j + 147 = 2*j. What is the remainder when 62 is divided by j?
20
Suppose 0 = 2*j + u - 11, 3 = -4*u + u. Let k(f) = f**3 - 5*f**2 - 4*f - 7. Let g = 30 - 16. Calculate the remainder when g is divided by k(j).
4
Let p(y) = -y**3 + y. Let f be p(-2). Suppose -f*m = -m - 5. What is the remainder when m is divided by 1?
0
Suppose -j + g - 61 = 0, 0 = 2*g + g + 12. Let a = j - -94. Calculate the remainder when a is divided by 8.
5
Suppose 2*u = -3*u. Let b = 13 + -11. Suppose u = b*z - 33 - 23. What is the remainder when z is divided by 10?
8
What is the remainder when 225/15*(-10)/(-6) is divided by 13?
12
Suppose 0*t = -2*t + 8. Let v be 4/3*(-27)/(-18). Let l = v - -5. Calculate the remainder when l is divided by t.
3
Suppose 39 = 2*f + 3. Calculate the remainder when f is divided by 10.
8
Let u(q) = 6*q**2 + q. What is the remainder when 13 is divided by u(-1)?
3
Suppose -k = -0*k - 12. Suppose 2*s = 86 + 2. What is the remainder when s is divided by k?
8
Let q be (-1 - 8)*(-10)/15. Calculate the remainder when 19 is divided by 10/(-1 - q/(-3)).
9
Let v = 46 - 29. What is the remainder when v is divided by 4?
1
Suppose 29 = j - 5*k - 19, 0 = 2*j - 2*k - 96. Calculate the remainder when j is divided by 30.
18
Let j = 14 + -6. Let t(m) = m + m**2 + 1 - m. Calculate the remainder when j is divided by t(-2).
3
Let x be (4 + -6 - -6) + 401. Suppose -2*o + 7*o = x. Calculate the remainder when o is divided by 28.
25
Let h(j) = j**3 - 17*j**2 + 18*j - 18. Calculate the remainder when h(16) is divided by 11/3 - 3/(-9).
2
Let p = -124 + 215. What is the remainder when p is divided by 19?
15
Suppose 5*i - 8*i = -9. What is the remainder when 8 is divided by i?
2
Let j(r) = -r + 7 + 5*r + r**2 + r. Suppose 6*f + 33 = 3. Calculate the remainder when j(f) is divided by 3.
1
Let s(u) = u**3 - 6*u**2 + u + 8. What is the remainder when 40 - 0 - (-1 + 0) is divided by s(6)?
13
Suppose -2*f - 2*r - 11 = -3*r, 2*f - 2*r + 10 = 0. Let h = 32 - f. What is the remainder when h is divided by 20?
18
Suppose 0 = 4*k + 5 - 121. Calculate the remainder when 55 is divided by k.
26
Let f = 1 + 14. Calculate the remainder when 57 is divided by f.
12
Let b(k) = -k**3 + k - 4. Calculate the remainder when 77 is divided by b(-3).
17
Suppose 8*r - 5*r - 27 = 0. What is the remainder when 35 is divided by r?
8
Suppose -2*f = -f - 1. Suppose -z - 3 = -f. Let s = 17 + z. Calculate the remainder when 44 is divided by s.
14
Let b = 1 - -3. Suppose -5*f + 7 + 38 = 2*o, 0 = -5*f + b*o + 45. What is the remainder when 17 is divided by f?
8
Let f = 3 - -1. Suppose p + 0*p = -f. Let w = 12 + p. What is the remainder when 23 is divided by w?
7
Let k be (-14)/(-3)*(-54)/(-21). Suppose 28 + k = 2*t. Suppose -2*q = -3*u - 2, 5*q + 1 - 48 = -3*u. Calculate the remainder when t is divided by q.
6
What is the remainder when 27 is divided by -4*(-3)/12*15?
12
Suppose x + 2*x = -4*s + 110, 0 = -3*x - 2*s + 106